6?
5
Evaluate 5 + (3 - 2) - (-19 + 21).
4
Evaluate (-4 - 0) + -4 + 2 - -4.
-2
What is the value of -5 + -8 + 19 + -11?
-5
What is 4 - (-2 - -2 - -2)?
2
What is the value of 1 + -2 - (-22 - -27)?
-6
What is 35 - 39 - (2 - 1)?
-5
Evaluate 0 - (10 + 0) - (6 + -9).
-7
Calculate (-2 - (-1 + 0)) + -20 + 21.
0
What is the value of 1 - (4 + -4 - 2)?
3
Evaluate 8 - ((2 - 10) + 14 + 1).
1
-4 - (-15 - -2 - -2)
7
What is -5 - 1 - (-7 + (0 - -6))?
-5
What is (-9 - -3) + 3 + -1 + 0?
-4
-4 + (-7 - -10 - 0)
-1
What is the value of -5 - -5 - (0 + (3 - 0))?
-3
Calculate (-5 - -5) + (0 - -4).
4
Evaluate (6 - (0 - 0)) + -2 + 2.
6
What is (1 + -12 - -6) + 1 + 1?
-3
Calculate 4 + (5 + -4 - (1 + -2)).
6
What is the value of (2 - ((9 - 2) + -7)) + -6?
-4
What is the value of -3 + 2 + 3 + (-13 - -8)?
-3
Calculate -4 + 0 + 7 + -21 + 18.
0
5 + -2 - -1 - (18 - 19)
5
What is the value of (-3 - -4) + 0 + -2 - 3?
-4
-3 - ((3 - 9) + 4)
-1
14 + -21 + 6 + -2
-3
What is -1 - 0 - (-8 + -8 + 13)?
2
What is the value of 0 + 0 + -4 - -2?
-2
What is 2 - 2 - (1 - -1 - -8)?
-10
What is 1 - (9 - (-4 + 8))?
-4
Calculate -2 - (9 - 5) - -4.
-2
What is the value of -27 - -34 - (-1 - -12)?
-4
-52 - -50 - (1 + -1)
-2
What is 22 - (-7 - -20) - 7?
2
What is the value of 1 - (-1 - (-1 + 2 + -6))?
-3
(-18 + 10 - -6) + 3 + 1
2
What is -13 + (-1 + -5 - -12)?
-7
(9 - -2 - 12) + -8
-9
Calculate (-11 + 6 - (-3 - 1)) + 5.
4
What is -2 + 2 + (13 + -3 - 11)?
-1
Evaluate -3 + -1 + 3 - 0 - 1.
-2
Evaluate -12 - -9 - (-1 - 1) - -4.
3
103 + -101 - (0 + 1)
1
What is 60 + -63 - (0 - 7)?
4
What is 0 - ((7 - 3) + 0) - -1?
-3
Calculate 7 - (0 + 5 + -1).
3
What is the value of -1 + 0 - (-4 - (-4 - -2))?
1
Calculate 4 - (6 + -4 - -3).
-1
Evaluate (3 - 2) + -3 + 18 + -8.
8
What is -29 + 25 + (3 - (0 - 0))?
-1
0 + (7 - 2 - 8) + 4
1
What is (-1 - (-5 + 2)) + -2?
0
Evaluate (7 - 0 - 4) + -2 - -2.
3
What is 2 + -7 + 0 + -3 + 3?
-5
What is the value of 5 - (4 - -4) - 1?
-4
What is 3 + (4 - 6) + -2?
-1
What is the value of -7 + (11 + -1 - 5) - 3?
-5
What is -6 + (4 + -1 - -8)?
5
-5 - (5 - 12) - (-1 - 2)
5
What is -9 + 12 - ((5 - 3) + -4)?
5
Evaluate -3 + (-4 - -8) + -2 + 5.
4
Calculate 6 + -2 + (5 - 8).
1
-2 + 0 - (11 + -14 - 1)
2
-7 - -24 - (4 + 5 + -2)
10
Evaluate -3 + 2 + 1 + (0 - -4).
4
What is 1 - 2 - ((-12 - -9) + 0)?
2
What is (1 - 4 - 1) + 33 + -31?
-2
Calculate -3 - (-5 + -2 + -1).
5
Calculate -13 + (2 - -2 - 9) + 7.
-11
What is (2 - (0 - -1)) + -46 + 40?
-5
5 - (3 - (-4 + 4)) - 4
-2
Calculate -8 + -3 + 17 + 3.
9
-7 + -4 + 8 + -4 + 8
1
Evaluate (1 - -10) + 2 - (-2 - -8).
7
What is the value of -2 + 6 + 1 + -6?
-1
Calculate (5 + -2 - (3 - -1)) + -1.
-2
What is the value of -3 - 1 - (11 - (-9 + 25))?
1
Evaluate 3 + 5 + (-6 - -5).
7
Evaluate (5 - 4 - (-1 + 7)) + -3.
-8
Evaluate 1 - ((-1 - 0) + (1 - 1)).
2
Evaluate 1 - (-7 - -3 - 0).
5
Evaluate 4 - (-10 + 1 + 3 + 6).
4
What is the value of 1 - 0 - (74 - 73)?
0
What is -14 - -4 - (-1 + -5)?
-4
Calculate (-3 - -17) + (-7 - (-6 + 4)).
9
4 - (1 + 1 - (8 - 14))
-4
Calculate -4 - (-5 + 5 - 13).
9
Calculate 6 + (6 + 1 - 8 - 5).
0
Evaluate (-3 - -7) + -1 - (1 + 0).
2
Calculate -6 - -13 - (2 + -1) - 7.
-1
What is 5 + -3 + 3 + -3 + -4?
-2
Calculate 8 - (-12 + (26 - 5)).
-1
What is 3 + (3 - (-1 - -5))?
2
What is 5 + -11 + 11 + -6?
-1
What is the value of (3 - 4) + -4 - (-5 - -2)?
-2
2 - 4 - (4 - (-3 + 5))
-4
Evaluate 4 + -5 + 4 - 1.
2
(3 - ((9 - -3) + -5)) + 4
0
Calculate (13 - -5) + -2 - 8.
8
Evaluate (-3 + -1 - -1) + 128 + -125.
0
Calculate 1 + 4 + -3 + 2.
4
What is the value of (5 - 2) + -1 + -5 - 1?
-4
What is (-3 - (0 - 9)) + 3 + -4?
5
What is -5 - -5 - -3 - -5?
8
What is (0 - 3) + -14 + 19?
2
What is the value of 9 + 7 + -5 + -6?
5
Evaluate (-6 - (-4 - (1 + -1))) + -1.
-3
What is the value of 1 + -6 - -6 - -2 - 8?
-5
Calculate 10 - 12 - (-2 - -5).
-5
Evaluate -2 + -1 + (2 - (1 - 1)).
-1
Calculate -10 - (-2 + 10 + -18).
0
Evaluate 22 - 46 - (-1 - 12).
-11
What is the value of -3 + (6 - 4) + 2?
1
What is -12 - -15 - 13 - (-2 - 1)?
-7
(-18 - -9) + (4 - 3)
-8
What is the value of 153 + -146 + (-2 + 4 - 4)?
5
What is -3 + 2 - 2 - (27 + -25)?
-5
Evaluate (1 - 1) + 0 + 8 + -4.
4
-2 + -2 - (-6 + (3 - 2))
1
What is -2 + 5 + -2 - (4 - 2)?
-1
What is the value of 3 + (2 + -20 - -11)?
-4
What is -11 + 12 - (-1 - (-2 - 0))?
0
Calculate 6 + -7 + 2 + (23 - 18).
6
(-9 - -11 - (0 + -1)) + -8
-5
What is the value of -4 - (3 + 3 + -12)?
2
What is 5 + (6 + -3 - 2)?
6
What is the value of (3 + -1 + 1 - 0) + -8?
-5
Evaluate (8 - -5) + -31 + 24.
6
What is the value of -5 - (-1 + 4 + -10 + 5)?
-3
-6 + 7 + -16 + 23
8
Evaluate (-1 + -1 - 4) + 2 + 4.
0
Evaluate 2 + (-11 + 11 - 8).
-6
Calculate 6 + 3 + -21 + 9.
-3
What is (5 - (5 + -4) - -4) + -3?
5
What is the value of (7 - 1) + (4 - 5)?
5
What is the value of (-6 + 0 - (-39 + 31)) + -6?
-4
-8 + (-3 - (-4 + -1) - -1)
-5
What is 4 + (-1 - (-4 + 14))?
-7
What is (5 + -2 - 0) + -4 + -2?
-3
What is (1 + -1 - -3) + (-69 - -68)?
2
What is 7 + (-2 - 3) - -2?
4
Evaluate -6 + (2 - -1) - -1.
-2
What is 2 + 1 + (-5 - 0 - -1)?
-1
What is 7 + -1 + 0 + -5 + -5?
-4
What is the value of -5 + (1 - 2) + 0 + 2?
-4
What is 3 + 2 + 1 + (-3 - -1)?
4
What is 0 - ((-9 - -4) + 3)?
2
What is the value of (8 - 11) + 1 + -1?
-3
What is the value of 0 - (-3 + (13 - 10))?
0
Evaluate 5 - (2 - (5 + -4)).
4
Calculate -2 + -2 + -2 + 5.
-1
What is -1 + 6 + (3 - 4)?
4
What is the value of 113 + -105 - (1 - -9)?
-2
Evaluate 7 + -12 + 6 + (-13 - -1).
-11
Calculate 7 + (-5 - -2 - 3).
1
What is (10 - (-10 + 26)) + 0 + 4?
-2
-4 + 4 - -7 - 6
1
What is the value of 4 + (6 - (-6 - -11))?
5
What is the value of 5 + 1 + (-3 - 3) - -5?
5
Calculate (-10 - -7) + 3 + (2 - 1).
1
What is the value of (2 - 2) + 0 + -2 - -4?
2
Calculate 10 - 4 - (9 - 0 - -3).
-6
What is (-3 - (2 - 4)) + 3?
2
Evaluate -4 - (-2 + -5) - (1 + 0).
2
Evaluate (2 - 6) + (7 - 3).
0
12 - (4 + 3 - -10)
-5
Evaluate -1 + 1 + (10 - 11) + 5.
4
Calculate -4 + (2 - -2) + 4.
4
What is -8 - (8 - 12 - 8)?
4
What is (0 - -2) + -6 + 6?
2
What is (-1 + -1 + -4 - -5) + -1?
-2
What is the value of (-1 - -3) + -3 + -4?
-5
What is the value of (-6 - 1) + 111 + -110?
-6
What is -7 - (-2 + (-2 - -4) + -3)?
-4
What is the value of 0 - -3 - (16 + -15)?
2
Evaluate (1 - 2) + (13 - 4) + -5.
3
-10 - (-22 + 2) - 4
6
6 - (0 - -11) - -4
-1
What is 6 - 7 - (0 - 11) - 7?
3
Calculate -2 + 5 - (-1 + 3) - 1.
0
8 - 6 - (4 - (1 + 0))
-1
What is 4 - (3 - (4 - 14))?
-9
What is 5 + -11 + 7 + -1 + 1?
1
What is 22 - 27 - (-13 - (-5 + 2))?
5
Calculate 1 + (5 + 0 - 10) + 8.
4
Calculate (5 - (11 + -9)) + (0 - 1).
2
Evaluate (-5 - -3) + 7 + 0.
5
Calculate -4 - 3 - (7 + -7).
-7
What is the value of 15 + -16 + 2 + -5?
-4
What is the value of 1 + -2 + 8 + -5 - -1?
3
Evaluate -4 + (-1 - 0 - 1) + 3.
-3
11 - 7 - (3 + 2)
-1
What is (-1 - 2) + (4 - -2) - -1?
4
What is the value of 2 + 0 + (-10 - (-12 + 4))?
0
Evaluate (-7 - (-9 - -5)) + (-1 - 1).
-5
What is the value of 25 + -19 - (-4 - -5)?
5
What is (-2 - (-2 - -8)) + 4 + -1?
-5
8 - (-5 + 1 - -7)
5
Calculate -23 - -16 - (-4 - 1).
-2
What is the value of 2 - (2 - (1 + -1))?
0
Evaluate -4 + 1 + 13 + 10 + -22.
-2
Evaluate 18 + (-5 - 23) + 14.
4
Evaluate (-30 - -31) + -1 + 4.
4
Evaluate -4 - (-2 - 0) - 1 - 2.
-5
Calculate (-6 - -16) + -7 + 2.
5
-6 + (-2 - -3 - (-4 - -3))
-4
Evaluate 2 + -7 - (-10 - (-7 + -1)).
-3
-10 - (-1 + 0) - -5
-4
11 + -11 + 0 + 3
3
Evaluate (-1 - -4 - 4) + 1 + 5.
5
Calculate -2 + -7 + 3 + 8 - 8.
-6
What is the value of -1 + 2 - (-3 + 7)?
-3
Evaluate (4 - (1 + -2 + 3)) + -5.
-3
Calculate 3 + 7 + -14 + -1 + 6.
1
Evaluate -3 - ((1 - 3) + 5) - -3.
-3
Calculate (2 - 3) + (7 - -1 - 6).
1
Evaluate (2 - (0 - -3)) + -2.
-3
Calculate -3 + (-3 - -2) + -2 + 1.
-5
-1 - -5 - 0 - 2
2
(3 - 6) + -1 + 4 + 1
1
(-5 - -5 - 5) + 1
-4
2 - (-1 + -1 + (-2 - -5))
1
What is the value of 9 + -1 + 2 + -4?
6
What is 2 + (2 + -1 - (-6 - -2))?
7
What is the value of 3 - (7 + 1) - -3?
-2
What is -54 + 50 - (-11 - (2 - 4))?
5
What is (-1 - (0 - 0)) + (16 - 18)?
-3
Calculate 5 + -1 + (-2 - 8 - -1).
-5
What is -9 + -1 + 6 + -3?
-7
What is -8 + 4 + 0 + 2?
-2
Calculate 4 - 0 - (3 + -1).
2
Evaluate (7 - (-9 - -14)) + (-7 - -1).
-4
What is -43 - -38 - (1 - 7)?
1
What is -10 + 10 + -3 + 3?
0
What is the value of (0 - 1) + (-3 - (-4 - -3))?
-3